r + 1818. Give z(-9).
9
Let j(v) = -6*v**2 - 201*v + 30. Calculate j(-32).
318
Let x(k) = -1822*k - 7291. Give x(-4).
-3
Let f(m) = 332*m + 6294. Calculate f(-19).
-14
Let o(s) = 6*s - 248. What is o(39)?
-14
Let r(s) = -2*s**3 - 38*s**2 + 1427*s - 642. Determine r(-38).
4
Let l(j) = j**3 + 29*j**2 + 76*j - 64. Give l(-26).
-12
Let k(z) = -z**2 - 23*z + 200. Determine k(-29).
26
Let b(c) = 5*c**2 - 25*c + 20. What is b(4)?
0
Let j(u) = u**3 - 12*u**2 + 33*u + 22. Give j(7).
8
Let t(a) = -1494*a - 14937. Give t(-10).
3
Let n(k) = k**2 + 11*k - 63. Calculate n(-19).
89
Let l(o) = 9*o**2 + 14*o - 26. Give l(-8).
438
Let g(b) = -b**3 - 3*b**2 + 5*b - 20. Give g(-6).
58
Let c(x) = x**2 - 390*x - 12. Give c(0).
-12
Let b(j) = 20*j - 278. What is b(19)?
102
Let z(k) = k**3 + 108*k**2 + 219*k + 651. What is z(-106)?
-91
Let t(z) = 5*z**2 - 2*z - 7. Determine t(8).
297
Let z(y) = -2*y**2 - 237*y - 2379. Give z(-11).
-14
Let i(k) = k**2 - 51*k - 2115. Calculate i(-27).
-9
Let o(s) = -2*s**2 - 1018*s + 5130. Give o(5).
-10
Let h(k) = -k**3 - 3*k**2 + 185*k + 185. Give h(-1).
-2
Let c(i) = i**2 - 128*i + 836. Give c(7).
-11
Let h(w) = -w**3 + 20*w**2 + 66*w - 17. What is h(23)?
-86
Let f(i) = i**3 - 75*i**2 + 753*i + 150. Calculate f(63).
-39
Let q(b) = -54*b - 630. Give q(-14).
126
Let b(u) = -3*u**2 + 143*u - 1682. Calculate b(26).
8
Let m(w) = 237*w + 5450. What is m(-23)?
-1
Let l(t) = -780*t - 825. Determine l(-1).
-45
Let h(s) = s**2 + 2*s. What is h(-1)?
-1
Let c(t) = 37*t**2 - 252*t - 251. Determine c(-1).
38
Let l(m) = -m**3 + 64*m**2 - 125*m + 94. Determine l(62).
32
Let w(t) = t**3 - 22*t - 1. Calculate w(9).
530
Let z(j) = j**3 - 12*j**2 + 7. What is z(6)?
-209
Let q(t) = t**3 + 11*t**2 + 21*t - 94. What is q(-8)?
-70
Let q(p) = -614*p - 687. What is q(-1)?
-73
Let q(d) = -d**2 + 13*d + 193. What is q(-8)?
25
Let m(s) = -2*s**3 - 32*s**2 + 45*s + 39. What is m(-17)?
-148
Let w(f) = -f**3 - 5*f**2 + 30*f - 16. Determine w(-9).
38
Let l(g) = 7*g**2 + 8*g - 59. Determine l(6).
241
Let d(k) = -2*k**3 - 45*k**2 - 169*k - 63. Calculate d(-18).
63
Let w(o) = 294*o - 10398. What is w(35)?
-108
Let s(i) = -i**2 + 33*i + 53. What is s(0)?
53
Let r(l) = 2*l**2 + 29*l - 267. Calculate r(-20).
-47
Let g(b) = -4*b**3 + 15*b**2 + 21*b - 92. Determine g(3).
-2
Let n(s) = s**3 - 29*s**2 + 50*s + 82. Give n(27).
-26
Let h(z) = z**3 - 25*z**2 + 229*z - 5731. What is h(25)?
-6
Let c(z) = -8*z - 13. Give c(6).
-61
Let d(a) = 2*a**3 + 39*a**2 - 22*a - 139. Calculate d(-20).
-99
Let l(u) = -96*u + 176. Determine l(2).
-16
Let s(r) = 702*r - 7741. What is s(11)?
-19
Let u(i) = 44*i + 4389. Calculate u(-100).
-11
Let p(c) = c**3 - 9*c**2 - 23*c + 8. What is p(11)?
-3
Let i(x) = -135*x**3 + x**2 + 12*x + 11. Determine i(-1).
135
Let z(d) = 77*d - 3166. What is z(41)?
-9
Let o(k) = 38*k - 153. What is o(7)?
113
Let t(z) = -z**3 + 9*z**2 - 24*z - 14. What is t(5)?
-34
Let l(m) = 4*m**2 - 57*m + 472. Calculate l(9).
283
Let v(r) = r**2 - 106*r + 2693. Determine v(63).
-16
Let m(r) = r**3 + 11*r**2 + 33*r + 125. Calculate m(-9).
-10
Let x(b) = b**2 + 62*b - 1150. Give x(15).
5
Let p(i) = -2353*i + 18814. Give p(8).
-10
Let b(g) = -2474*g - 14843. What is b(-6)?
1
Let b(i) = -i**3 + 84*i**2 + 168*i + 240. What is b(86)?
-104
Let j(x) = 1986*x - 29791. Determine j(15).
-1
Let b(t) = -423*t - 179. Calculate b(-1).
244
Let j(i) = -i**2 - 21*i - 1. Give j(-20).
19
Let k(a) = 6*a**3 + 139*a**2 + 20*a - 16. Calculate k(-23).
53
Let j(x) = 266*x**3 + 3*x**2 + 5*x + 3. Give j(-1).
-265
Let x(k) = 7290*k + 14578. Calculate x(-2).
-2
Let v(x) = -117*x - 1973. What is v(-17)?
16
Let k(f) = f**3 + 15*f**2 - 127*f + 1. What is k(-21)?
22
Let n(r) = 7*r + 504. Give n(-14).
406
Let p(d) = 96*d + 2027. Calculate p(-21).
11
Let w(j) = -j**3 - 9*j**2 - 17*j - 42. What is w(-11)?
387
Let m(z) = z**3 + 13*z**2 + 16*z + 11. Determine m(-9).
191
Let y(g) = -3*g**2 + 137*g - 121. What is y(43)?
223
Let j(y) = 22*y**2 + 170*y - 29. Give j(-8).
19
Let s(m) = -35*m - 77. Calculate s(-3).
28
Let k(r) = -r**3 - 5*r**2 + 66*r + 465. Determine k(-7).
101
Let y(t) = 101*t**2 - 47*t + 47. What is y(1)?
101
Let a(b) = 6*b**2 + 111*b - 590. Determine a(-23).
31
Let d(k) = 69*k + 1596. Calculate d(-23).
9
Let u(z) = -z**3 + 62*z**2 - 175*z - 73. Determine u(59).
45
Let r(z) = z**2 + 38*z + 72. Give r(-35).
-33
Let q(v) = v**3 + 238*v**2 + 711*v + 18. Give q(-3).
0
Let d(a) = -7*a**3 - 23*a**2 - 43*a - 5. Give d(-2).
45
Let o(y) = 12*y - 290. Calculate o(-8).
-386
Let s(t) = -60*t + 102. What is s(2)?
-18
Let y(q) = q**3 + 177*q**2 + 7070*q - 698. What is y(-116)?
-2
Let c(u) = -548*u - 558. What is c(-1)?
-10
Let p(n) = -n**3 - 25*n**2 - 152*n - 23. Calculate p(-15).
7
Let w(b) = 8*b**3 - 3*b**2 - 40*b + 129. What is w(3)?
198
Let v(l) = 67*l + 461. Calculate v(-7).
-8
Let v(q) = q**2 - 45*q + 475. Determine v(17).
-1
Let t(k) = k**3 + 17*k**2 - k + 25. Determine t(-17).
42
Let i(l) = -38*l - 1105. Determine i(-29).
-3
Let p(b) = -3*b**3 + 48*b**2 - 251*b + 475. Give p(8).
3
Let g(l) = -l**3 + 12*l**2 - 2*l + 171. What is g(0)?
171
Let w(s) = 350*s - 49363. What is w(141)?
-13
Let q(c) = 19*c**3 - c**2 + 200*c + 201. Determine q(-1).
-19
Let p(y) = 90*y**2 - 12*y - 8. Give p(-2).
376
Let z(k) = 5*k**2 + 191*k + 44. Give z(-38).
6
Let c(m) = -3*m**3 + 17*m**2 - 33*m + 37. Determine c(4).
-15
Let r(p) = -32*p**3 - p**2 - 36*p - 60. Determine r(-2).
264
Let r(v) = 150*v - 738. Give r(6).
162
Let z(d) = 175*d + 2415. Calculate z(-19).
-910
Let d(s) = s**2 + 6*s - 75. What is d(-10)?
-35
Let c(u) = -81*u**2 + 480*u + 38. Give c(6).
2
Let d(k) = k**2 - 9*k + 5. What is d(9)?
5
Let f(z) = z**2 - 10*z + 53. Determine f(10).
53
Let z(x) = 2*x**3 - 2*x**2 + 18*x - 37. Give z(2).
7
Let v(s) = -34*s - 48. Give v(-6).
156
Let c(b) = 18*b + 810. What is c(-58)?
-234
Let o(j) = j**3 - 21*j**2 + 44*j - 464. Give o(20).
16
Let a(q) = -q**2 - 80*q + 544. Give a(-85).
119
Let k(v) = 5*v - 68. Determine k(7).
-33
Let n(v) = -2*v**2 - 41*v - 31. Calculate n(-20).
-11
Let k(u) = -2*u**2 + 53*u + 193. Determine k(29).
48
Let j(z) = -4*z**2 - 308*z + 199. Give j(-78).
-113
Let d(p) = -p**3 - 11*p**2 + 44*p + 180. What is d(-13)?
-54
Let w(r) = 2*r**3 - 60*r**2 - 54*r + 68. Give w(31).
316
Let y(d) = d**2 - 22*d - 12. Determine y(5).
-97
Let p(s) = 17*s - 114. Calculate p(-11).
-301
Let l(g) = -36*g + 362. What is l(9)?
38
Let r(c) = 21*c - 22. Calculate r(-6).
-148
Let l(z) = z**3 + 95*z**2 - 195*z - 132. Give l(-97).
-35
Let o(q) = 269*q + 73. Calculate o(1).
342
Let k(y) = -4*y**3 - 126*y**2 - 176*y + 117. Determine k(-30).
-3
Let p(k) = 203*k + 1627. Give p(-8).
3
Let t(k) = 352*k + 2519. Determine t(-8).
-297
Let u(d) = -5*d**2 + 35*d - 59. What is u(2)?
-9
Let v(t) = 2*t**3 + 10*t**2 - 4*t + 21. Give v(-6).
-27
Let k(x) = 36693*x - 73398. Determine k(2).
-12
Let k(z) = -5*z - 160. Determine k(21).
-265
Let g(d) = 3*d**3 - 13*d**2 - 4*d - 32. Determine g(5).
-2
Let u(o) = -3*o**3 + 13*o**2 + 6*o - 10. What is u(5)?
-30
Let y(g) = -g**3 - g**2 + 3*g - 90. Calculate y(0).
-90
Let h(u) = -269*u - 841. Calculate h(-3).
-34
Let k(m) = m**3 - 3*m**2 + 64*m + 373. Give k(-4).
5
Let y(d) = -33*d**2 - 236*d - 220. Determine y(-6).
8
Let a(y) = y**2 - 134*y - 2063. What is a(-13)?
-152
Let d(i) = -i**3 + 13*i**2 + 92*i - 703. What is d(16)?
1
Let x(r) = -21*r**2 + 23*r - 5. Calculate x(-2).
-135
Let n(x) = -193*x - 397. Give n(-2).
-11
Let b(y) = -6*y**3 + y**2 - y + 4. Calculate b(-2).
58
Let b(t) = -35*t - 1475. Give b(-42).
-5
Let j(q) = 2*q**2 - 19*q - 76. What is j(12)?
-16
Let a(x) = 1845*x - 1800. Calculate a(1).
45
Let v(z) = -z**3 - 70*z**2 + 6000*z - 10. What is v(-120)?
-10
Let f(x) = 5*x**2 + 71*x - 104. Calculate f(-16).
40
Let y(c) = 12*c + 362. Calculate y(-4).
314
Let k(o) = 37*o + 879. Calculate k(-16).
287
Let c(r) = -2559*r + 15353. Determine c(6).
-1
Let k(m) = -1258*m + 7519. Calculate k(6).
-29
Let r(b) = -283*b - 266. Give r(-1).
17
Let g(h) = -h**3 + 9*h**2 + 3863*h - 23268. Calculate g(6).
18
Let m(s) = -3*s**3 - 87*s**2 + 5*s - 57. Give m(-29).
-202
Let v(i) = -13*i**3 - 10*i + 7. Determine v(-3).
388
Let t(n) = -n**2 - 124*n - 3651. What is t(-48)?
-3
Let o(s) = -6*s**2 - 159*s - 86. Determine o(-26).
-8
L